{"id":596,"date":"2020-04-23T15:07:56","date_gmt":"2020-04-23T13:07:56","guid":{"rendered":"https:\/\/www.topmerkspecialist.nl\/pca\/?page_id=596"},"modified":"2020-12-18T13:35:39","modified_gmt":"2020-12-18T12:35:39","slug":"occasions","status":"publish","type":"page","link":"https:\/\/www.topmerkspecialist.nl\/pca\/occasions\/","title":{"rendered":"Occasions"},"content":{"rendered":"<h2><strong>OCCASIONS<\/strong><\/h2>\n<h3><strong>Occasions van alle PCA Merkspecialisten op \u00e9\u00e9n site<\/strong><\/h3>\n<p>Bent u opzoek naar een Peugeot of Citro\u00ebn occasion? PCA Merkspecialist heeft een ruim aanbod Peugeot en Citro\u00ebn modellen op voorraad. Wij zijn gespecialiseerd in Peugeot &amp; Citro\u00ebn, dit betekent dat de meeste occasions die op onze site staan van dit merk zullen zijn.<\/p>\n<h4><strong>Ook voor andere merken auto occasions<\/strong><\/h4>\n<p>Onze voorraad occasions bestaat onder andere uit modellen van: Volkswagen, Toyota, Opel, Renault, BMW, Audi, Ford, Peugeot &amp; Citro\u00ebn, Kia, Skoda, Mercedes, Volvo, Hyundai, Nissan, Fiat, Seat, Suzuki, Mitsubishi, Alfa Romeo, Honda, Mazda, Dacia en nog vele andere merken!<\/p>\n<h5><strong>Tweedehands Peugeot &amp; Citro\u00ebn auto kopen?<\/strong><\/h5>\n<p>Wij hebben vele tweedehands Peugeot &amp; Citro\u00ebn modellen op voorraad. Bent u opzoek naar een tweedehands 106, 107, 108, 2008, 3008, 5008 of een van de andere modellen? Bekijk dan snel ons tweedehands Peugeot &amp; Citro\u00ebn aanbod. Bent u op zoek naar een occasion met garantie? Dan bent u bij ons aan het juiste adres! <a href=\"https:\/\/www.topmerkspecialist.nl\/pca\/occasion-garantie\/\">Klik hier voor meer informatie over occasion garantie.<\/a><\/p>\n<h5><strong>Occasions van betrouwbare Autobedrijven<\/strong><\/h5>\n<p>Heeft u interesse in \u00e9\u00e9n van onze vele occasions? Klik op de occasion en u ziet alle beschikbare gegevens van dit specifieke model. Dit zijn betrouwbare gegevens want ze komen van onze PCA Merkspecialisten. Zij bieden eerlijke service en betrouwbare occasions voor faire prijzen! Naast PCA zijn er vier andere merkspecialisten formules, namelijk: <a href=\"http:\/\/www.topmerkspecialist.nl\" target=\"_blank\" rel=\"noopener noreferrer\">TOP Merkspecialist (Opel)<\/a>,\u00a0<a href=\"https:\/\/www.mbsg.nl\/\" target=\"_blank\" rel=\"noopener noreferrer\">Mercedes-Benz (MBSG)<\/a>,\u00a0<a href=\"https:\/\/www.vetos.nl\/\" target=\"_blank\" rel=\"noopener noreferrer\">Toyota (Vetos)<\/a>\u00a0en\u00a0<a href=\"https:\/\/www.mijnrenaultspecialist.nl\/\" target=\"_blank\" rel=\"noopener noreferrer\">Renault (VSR).<\/a> Alle aangesloten bedrijven worden zorgvuldig gecontroleerd voor dat zij toegelaten worden tot het netwerk. Zo kunnen wij de kwaliteit waarborgen.<\/p>\n<h3><strong>Occasion met\u00a0<\/strong><strong>BOVAG\u00a0<\/strong><strong>garantie<\/strong><\/h3>\n<p>De aanschaf van een Peugeot &amp; Citro\u00ebn occasion is natuurlijk een zaak van vertrouwen. De auto van uw keuze moet immers in een perfecte staat zijn, van hoge kwaliteit en voor een goede prijs. De tweedehandse modellen van PCA Merkspecialist worden vanaf \u20ac 4.500,- afgeleverd met <a href=\"https:\/\/www.bovag.nl\/\" target=\"_blank\" rel=\"noopener noreferrer\">BOVAG<\/a>\u00a0garantie. De garantietermijn op een PCA occasion wordt bepaald op basis van:<\/p>\n<ul>\n<li>Gecontroleerde kilometerstanden<\/li>\n<li>Technische inspectie<\/li>\n<li>Onderhoudshistorie<\/li>\n<\/ul>\n<p><strong>Vraag\u00a0<a href=\"https:\/\/www.topmerkspecialist.nl\/pca\/onze-leden\/\">uw eigen PCA Merkspecialist<\/a>\u00a0naar de verschillende afleverpakketten<\/strong>.<\/p>\n","protected":false},"excerpt":{"rendered":"<p>OCCASIONS Occasions van alle PCA Merkspecialisten op \u00e9\u00e9n site Bent u opzoek naar een Peugeot of Citro\u00ebn occasion? PCA Merkspecialist heeft een ruim aanbod Peugeot en Citro\u00ebn modellen op voorraad. Wij zijn gespecialiseerd in Peugeot &amp; Citro\u00ebn, dit betekent dat de meeste occasions die op onze site staan van dit merk zullen zijn. Ook voor [&hellip;]<\/p>\n","protected":false},"author":1,"featured_media":0,"parent":0,"menu_order":0,"comment_status":"closed","ping_status":"closed","template":"page-rmi-occasions-overview.php","meta":{"_acf_changed":false,"footnotes":""},"class_list":["post-596","page","type-page","status-publish","hentry"],"acf":[],"yoast_head":"<!-- This site is optimized with the Yoast SEO plugin v27.4 - https:\/\/yoast.com\/product\/yoast-seo-wordpress\/ -->\n<title>Occasion kopen? | PCA Merkspecialist in Peugeot en Citro\u00ebn<\/title>\n<meta name=\"description\" content=\"Tweedehands Peugeot of Citro\u00ebn kopen? Bekijk het actuele aanbod occasions op onze website. De plek voor uw Peugeot \/ Citro\u00ebn occasions!\" \/>\n<meta name=\"robots\" content=\"index, follow, max-snippet:-1, max-image-preview:large, max-video-preview:-1\" \/>\n<link rel=\"canonical\" href=\"https:\/\/www.topmerkspecialist.nl\/pca\/occasions\/\" \/>\n<meta property=\"og:locale\" content=\"nl_NL\" \/>\n<meta property=\"og:type\" content=\"article\" \/>\n<meta property=\"og:title\" content=\"Occasion kopen? | PCA Merkspecialist in Peugeot en Citro\u00ebn\" \/>\n<meta property=\"og:description\" content=\"Tweedehands Peugeot of Citro\u00ebn kopen? Bekijk het actuele aanbod occasions op onze website. De plek voor uw Peugeot \/ Citro\u00ebn occasions!\" \/>\n<meta property=\"og:url\" content=\"https:\/\/www.topmerkspecialist.nl\/pca\/occasions\/\" \/>\n<meta property=\"og:site_name\" content=\"PCA - merkspecialist in Peugeot &amp; Citro\u00ebn\" \/>\n<meta property=\"article:publisher\" content=\"https:\/\/www.facebook.com\/PCAMerkspecialist\/\" \/>\n<meta property=\"article:modified_time\" content=\"2020-12-18T12:35:39+00:00\" \/>\n<meta name=\"twitter:card\" content=\"summary_large_image\" \/>\n<meta name=\"twitter:label1\" content=\"Geschatte leestijd\" \/>\n\t<meta name=\"twitter:data1\" content=\"2 minuten\" \/>\n<script type=\"application\/ld+json\" class=\"yoast-schema-graph\">{\"@context\":\"https:\\\/\\\/schema.org\",\"@graph\":[{\"@type\":\"WebPage\",\"@id\":\"https:\\\/\\\/www.topmerkspecialist.nl\\\/pca\\\/occasions\\\/\",\"url\":\"https:\\\/\\\/www.topmerkspecialist.nl\\\/pca\\\/occasions\\\/\",\"name\":\"Occasion kopen? | PCA Merkspecialist in Peugeot en Citro\u00ebn\",\"isPartOf\":{\"@id\":\"https:\\\/\\\/www.topmerkspecialist.nl\\\/pca\\\/#website\"},\"datePublished\":\"2020-04-23T13:07:56+00:00\",\"dateModified\":\"2020-12-18T12:35:39+00:00\",\"description\":\"Tweedehands Peugeot of Citro\u00ebn kopen? Bekijk het actuele aanbod occasions op onze website. De plek voor uw Peugeot \\\/ Citro\u00ebn occasions!\",\"inLanguage\":\"nl-NL\",\"potentialAction\":[{\"@type\":\"ReadAction\",\"target\":[\"https:\\\/\\\/www.topmerkspecialist.nl\\\/pca\\\/occasions\\\/\"]}]},{\"@type\":\"WebSite\",\"@id\":\"https:\\\/\\\/www.topmerkspecialist.nl\\\/pca\\\/#website\",\"url\":\"https:\\\/\\\/www.topmerkspecialist.nl\\\/pca\\\/\",\"name\":\"PCA - merkspecialist in Peugeot & Citro\u00ebn\",\"description\":\"PCA - merkspecialist in Peugeot & Citro\u00ebn\",\"potentialAction\":[{\"@type\":\"SearchAction\",\"target\":{\"@type\":\"EntryPoint\",\"urlTemplate\":\"https:\\\/\\\/www.topmerkspecialist.nl\\\/pca\\\/?s={search_term_string}\"},\"query-input\":{\"@type\":\"PropertyValueSpecification\",\"valueRequired\":true,\"valueName\":\"search_term_string\"}}],\"inLanguage\":\"nl-NL\"}]}<\/script>\n<!-- \/ Yoast SEO plugin. -->","yoast_head_json":{"title":"Occasion kopen? | PCA Merkspecialist in Peugeot en Citro\u00ebn","description":"Tweedehands Peugeot of Citro\u00ebn kopen? Bekijk het actuele aanbod occasions op onze website. De plek voor uw Peugeot \/ Citro\u00ebn occasions!","robots":{"index":"index","follow":"follow","max-snippet":"max-snippet:-1","max-image-preview":"max-image-preview:large","max-video-preview":"max-video-preview:-1"},"canonical":"https:\/\/www.topmerkspecialist.nl\/pca\/occasions\/","og_locale":"nl_NL","og_type":"article","og_title":"Occasion kopen? | PCA Merkspecialist in Peugeot en Citro\u00ebn","og_description":"Tweedehands Peugeot of Citro\u00ebn kopen? Bekijk het actuele aanbod occasions op onze website. De plek voor uw Peugeot \/ Citro\u00ebn occasions!","og_url":"https:\/\/www.topmerkspecialist.nl\/pca\/occasions\/","og_site_name":"PCA - merkspecialist in Peugeot & Citro\u00ebn","article_publisher":"https:\/\/www.facebook.com\/PCAMerkspecialist\/","article_modified_time":"2020-12-18T12:35:39+00:00","twitter_card":"summary_large_image","twitter_misc":{"Geschatte leestijd":"2 minuten"},"schema":{"@context":"https:\/\/schema.org","@graph":[{"@type":"WebPage","@id":"https:\/\/www.topmerkspecialist.nl\/pca\/occasions\/","url":"https:\/\/www.topmerkspecialist.nl\/pca\/occasions\/","name":"Occasion kopen? | PCA Merkspecialist in Peugeot en Citro\u00ebn","isPartOf":{"@id":"https:\/\/www.topmerkspecialist.nl\/pca\/#website"},"datePublished":"2020-04-23T13:07:56+00:00","dateModified":"2020-12-18T12:35:39+00:00","description":"Tweedehands Peugeot of Citro\u00ebn kopen? Bekijk het actuele aanbod occasions op onze website. De plek voor uw Peugeot \/ Citro\u00ebn occasions!","inLanguage":"nl-NL","potentialAction":[{"@type":"ReadAction","target":["https:\/\/www.topmerkspecialist.nl\/pca\/occasions\/"]}]},{"@type":"WebSite","@id":"https:\/\/www.topmerkspecialist.nl\/pca\/#website","url":"https:\/\/www.topmerkspecialist.nl\/pca\/","name":"PCA - merkspecialist in Peugeot & Citro\u00ebn","description":"PCA - merkspecialist in Peugeot & Citro\u00ebn","potentialAction":[{"@type":"SearchAction","target":{"@type":"EntryPoint","urlTemplate":"https:\/\/www.topmerkspecialist.nl\/pca\/?s={search_term_string}"},"query-input":{"@type":"PropertyValueSpecification","valueRequired":true,"valueName":"search_term_string"}}],"inLanguage":"nl-NL"}]}},"_links":{"self":[{"href":"https:\/\/www.topmerkspecialist.nl\/pca\/wp-json\/wp\/v2\/pages\/596","targetHints":{"allow":["GET"]}}],"collection":[{"href":"https:\/\/www.topmerkspecialist.nl\/pca\/wp-json\/wp\/v2\/pages"}],"about":[{"href":"https:\/\/www.topmerkspecialist.nl\/pca\/wp-json\/wp\/v2\/types\/page"}],"author":[{"embeddable":true,"href":"https:\/\/www.topmerkspecialist.nl\/pca\/wp-json\/wp\/v2\/users\/1"}],"replies":[{"embeddable":true,"href":"https:\/\/www.topmerkspecialist.nl\/pca\/wp-json\/wp\/v2\/comments?post=596"}],"version-history":[{"count":11,"href":"https:\/\/www.topmerkspecialist.nl\/pca\/wp-json\/wp\/v2\/pages\/596\/revisions"}],"predecessor-version":[{"id":1770,"href":"https:\/\/www.topmerkspecialist.nl\/pca\/wp-json\/wp\/v2\/pages\/596\/revisions\/1770"}],"wp:attachment":[{"href":"https:\/\/www.topmerkspecialist.nl\/pca\/wp-json\/wp\/v2\/media?parent=596"}],"curies":[{"name":"wp","href":"https:\/\/api.w.org\/{rel}","templated":true}]}}